 Let k be c(-11). What is the units digit of -2 + -5 + k + 261?
8
What is the hundreds digit of (-34 - (-22 - 11))*36654/(-2)?
3
Suppose -2*q + 3*y + 11680 = -2*y, -q = 2*y - 5813. What is the thousands digit of q?
5
Let m(c) = 14*c + 112. Let j be (2 - -12) + (23 - 23). What is the hundreds digit of m(j)?
3
What is the thousands digit of (-24)/9*((3 - 8) + (-10106)/2)?
3
Let c(d) = -d + 2. Let o be c(-3). Let t = 49 - 55. What is the units digit of (o/(45/t))/((-3)/279)?
2
Suppose -3*s = -24, c - 45732 = -c - 3*s. What is the hundreds digit of c?
8
Let n be ((-165)/(-66))/(5/556). Let y = n + 359. What is the tens digit of y?
3
Let w(h) = h**3 + 22*h**2 - 22*h + 51. Let k = 218 - 240. What is the tens digit of w(k)?
3
Let u = 3 + -1. Let y be (12/10)/(16/40). What is the units digit of 159/18*y*u?
3
Let y(f) = -f**3 - 5*f**2 + 15*f + 10. Let w be y(-7). Suppose w*b + 5541 = 5*t, t = 3*t - b - 2217. What is the tens digit of t?
1
Let g(f) = 4595*f**2 + 5*f - 5. Let l be g(1). Suppose 22*t + l = 14495. What is the units digit of t?
0
Let l(p) = -29*p**3 + p**2 - 11*p - 3. Let k be l(-3). Suppose 2*d = -z + 242, 4*z - k = 5*d + 94. What is the tens digit of z?
3
Let y(r) = -5508*r - 10833. What is the thousands digit of y(-19)?
3
Suppose 19*i + 4*n + 25193 = 20*i, 0 = -5*i - 3*n + 126103. What is the thousands digit of i?
5
Let a(l) = -13*l**3 + 5*l**2 + 17*l + 257. What is the tens digit of a(-10)?
8
Suppose -y + 24 = -4*m - 4*y, 5*m - 5*y - 5 = 0. Let c be 2*m/8*12/(-3). Suppose -168 - 81 = -c*i. What is the units digit of i?
3
Let f(w) = 17*w**2 - 67*w - 772. What is the hundreds digit of f(-11)?
0
Let s(b) = -19*b - 54. Let v be s(-4). Suppose -v*u + 20*u = -84. What is the units digit of u?
2
Suppose -18*c = -53 + 17. Suppose -c*p - 958 = -4*z + 982, 495 = z + 2*p. What is the units digit of z?
7
Suppose -2*k = -2*g - 4*k + 80, -3*g + 120 = -3*k. What is the units digit of ((-25)/g*-4)/(3/180)?
0
Let c = 50693 - 35637. What is the units digit of c?
6
Let r(q) = -9116*q - 4. Let z be r(-1). Suppose -33*g = -25*g - z. What is the thousands digit of g?
1
Let c = -356 + 360. What is the tens digit of 11/2*496/c?
8
Let l = 13442 - 9032. What is the hundreds digit of l?
4
Let p = 1054 - -273. What is the tens digit of p?
2
Let d(v) = 4*v**2 - 5*v - 14. Let j be d(-2). Let i be (12/j)/((-2)/(-8)). Suppose 14 = -3*p + 5, 0 = -2*r - i*p + 208. What is the hundreds digit of r?
1
Suppose -b - 258 = 3*b - 5*z, 3*b = 3*z - 192. Let l = -60 - b. Suppose l*i = i + 69. What is the units digit of i?
9
Let x = 548 + -558. Let h(n) = 3*n**2 - 18*n - 28. Let g(r) = 2*r**2 - 19*r - 27. Let b(l) = 4*g(l) - 3*h(l). What is the units digit of b(x)?
6
Suppose -78 - 102 = -9*a. What is the tens digit of (-24)/(-18)*165/a?
1
Suppose -7*p + 3*p - 9*p = 0. Suppose -2*r + 47 + 3 = p. Suppose -w = -i - r, -2*w + 3*w - 5*i = 33. What is the tens digit of w?
2
Suppose -4*h + 19 = -2*h - 3*q, 3*q = -4*h - 7. Let n(d) = -13 + 2*d**h + 0*d**2 + 20 + 9*d. What is the units digit of n(-4)?
3
Let z be 5/5*(-2 + 8). Suppose -r = z - 3. What is the tens digit of (-1)/(-1)*r*-12?
3
Let s(u) = -210*u**3 - 6*u**2 + u - 21. What is the thousands digit of s(-4)?
3
Let n(q) = 8*q**2 - 6*q + 7. Let o be n(-8). Suppose -2*h = -o - 323. What is the hundreds digit of h?
4
Suppose 5*s - m - 131262 = 0, 47*s + 4*m - 78748 = 44*s. What is the thousands digit of s?
6
Suppose -649847 + 2258447 = 6*f + 64*f. What is the thousands digit of f?
2
Let m = -25288 - -31083. What is the thousands digit of m?
5
Suppose 3*q + 4*k = -11, -4*q = -7*q + 2*k + 19. Let j(i) = 6*i**2 - 2*i**q + i**3 - 9 + i**2 + 11*i. What is the units digit of j(7)?
8
Suppose -397695 = -65*v - 50*v - 94210. What is the hundreds digit of v?
6
Let j(u) = -u**2 + 6*u + 58. Let i be j(11). What is the hundreds digit of ((-22308)/18)/(-11)*i?
3
Suppose 97*i - 102*i - x = -67068, -2*x - 40246 = -3*i. What is the ten thousands digit of i?
1
Let z = -13024 - -21144. What is the units digit of z?
0
Let u(p) = p**3 + 23*p**2 + 2. Let y be u(-23). Suppose 0*x + 5*x = -y*j + 71, 4*x - 5*j = 70. Let i(t) = 5*t - 25. What is the units digit of i(x)?
0
What is the hundreds digit of 4521 + 18/(-12)*128/24?
5
Suppose -49*i = -50*i, 5*i - 1558 = -3*u + 17990. What is the tens digit of u?
1
Suppose 2*q + 46328 = 4*t, -7*t + 3*q + 81041 = 5*q. What is the ten thousands digit of t?
1
Suppose -4*i = p - 6066, -30*p + 24315 = -26*p - i. What is the thousands digit of p?
6
Let n(h) = -9*h**3 + 90*h**2 + 28*h - 56. What is the units digit of n(-14)?
8
Let u(y) = 5*y**2 + 32*y - 525. What is the thousands digit of u(31)?
5
Let s(k) = 2*k**3 + 2*k**2 + 2*k + 2. Let t be s(-1). Suppose t*j + 4242 = 14*j. What is the hundreds digit of j?
3
Let u = 137 + -199. Let j = u + 125. What is the tens digit of j?
6
Suppose 5*d = -b + 205754, -384 = 5*b - 379. What is the ten thousands digit of d?
4
Let y(l) = -l**3 - 20*l**2 - 6*l - 60. Let h be y(-18). Let p = h + 1027. What is the units digit of p?
7
Suppose 0 = -4*z - 4*m + 11060, -11072 = -4*z + 254*m - 256*m. What is the thousands digit of z?
2
Suppose 70 = -40*x + 54*x. Suppose x*p - 4*b = 3099 - 147, -2*p - 2*b = -1188. What is the units digit of p?
2
Let y(w) = 4*w**2 + w - 75. Let m be y(-17). Suppose 4*s - 2492 = m. What is the units digit of s?
9
Let w be -38*((-3)/9)/((-4)/(-6)). Let n = -11 + w. What is the tens digit of 564/n*8/12?
4
Let x(s) = -4*s**2 + 5*s - 10. Let r be x(-9). Let a = r + 777. Let i = a + -263. What is the hundreds digit of i?
1
Let f = -1492 - -209. Let k = -470 - f. What is the units digit of k?
3
Let f = 118 - 117. What is the units digit of 13 + -18 - (-571)/f?
6
Suppose -1312*h - 6321 = -1309*h. Let l = -1440 - h. What is the hundreds digit of l?
6
Let p be (-4287)/(1/((-1)/3)). Let i = 2037 - p. What is the hundreds digit of i?
6
Let z(i) = 365*i**2 + 66*i + 292. What is the units digit of z(-5)?
7
Let f(c) = 35*c**3 - 17*c**2 + 21*c - 1. What is the thousands digit of f(6)?
7
Let t(w) = -18*w**2 - 11*w + 1. Let b be t(-3). Let v = 189 - b. What is the tens digit of v?
1
Suppose 24 = 18*k - 17*k. Suppose 59*i - 23835 = k*i. What is the units digit of i?
1
Suppose 13*u + 501 = 10*u. Let b = -21 - u. What is the tens digit of b?
4
Suppose 0*j - 2*j - 3*k = -1643, 0 = 2*j - 4*k - 1608. Let s = -550 + j. What is the hundreds digit of (s/55)/(((-4)/(-90))/1)?
1
Suppose 0 = 5*t + 2*x - 3573, -4*t + 3*x + 2865 = -2*x. Let c = -243 + t. What is the units digit of c?
2
Suppose d - 5*a = -298 + 2235, 3*d = -a + 5795. Let k = d - 975. What is the units digit of k?
7
Suppose -2*m = -0*m - 150. Let z = 1206 - 1121. Let s = z - m. What is the tens digit of s?
1
Let u(m) = -m**3 - 6*m**2 - 3*m + 10. Let s be u(-5). Let p = -154 + 182. Let z = p - s. What is the units digit of z?
8
Suppose 222*g - 521*g = -243*g - 3344320. What is the units digit of g?
0
Let k = 10075 - 9533. What is the hundreds digit of k?
5
Let q be 10 - (6 + 0/2). Let l(j) = 49*j + 50. What is the units digit of l(q)?
6
Suppose 0 = -973*r + 912*r + 1362923. What is the hundreds digit of r?
3
Suppose 1 + 8 = -3*q. Let d(n) = -n - 5. Let a be d(q). What is the hundreds digit of (-286)/a - (-6 + 10)?
1
Suppose -33 = -14*b - 117. What is the thousands digit of 2565*b/150*-10?
1
Let l(c) = c**2 - 16*c + 6. Let y be l(9). Let r = 24 - y. Suppose -53 = 3*a - 2*d - 284, r = a - 2*d. What is the tens digit of a?
7
Let s(n) = 2*n**2 - 13*n + 11. Suppose 0 = -6*w - 35 + 95. Suppose 228*m + w = 226*m. What is the hundreds digit of s(m)?
1
Suppose -4*d = -5*p + 44575, 2*p + 31*d - 17830 = 27*d. What is the tens digit of p?
1
Let d be 4/10 - (-230)/50. Suppose 0 = -7*t + d + 9. Suppose -t*g - 1430 = -13*g. What is the hundreds digit of g?
1
Suppose -4*a + 42 = 62. Let q(d) = -2*d**3 - 5*d**2 + 6*d + 5. Let x be q(a). Let g = x - 54. What is the units digit of g?
6
Let r = 14156 - 7997. What is the tens digit of r?
5
What is the hundreds digit of 39*-584*12/(-144)?
8
Let k(s) = 145*s**3 - 3*s**2 + 5*s - 19. Let u be k(3). Suppose -19*a - 806 + u = 0. What is the units digit of a?
2
Let r = 38 - 26. Suppose -3*i = r*i - 30. Suppose -w - 2 = 1, i*z = 2*w + 368. What is the units digit of z?
1
Let b be 3 - 1656/(-9 - -3). Suppose 0 